+ 1. Let u be h(-7). What are the prime factors of 570/u - 14/(-77)?
2, 13
Suppose l + s - 209 = 0, 1013 = 6*l - l - 3*s. List the prime factors of l.
5, 41
Let s(b) = -b**2 + 5*b - 4. Let r be s(4). Suppose r = -2*g - 2*g + 584. What are the prime factors of g?
2, 73
Suppose 10 - 47 = -5*l + 3*w, w - 16 = -4*l. Suppose -3*q - f + 7 = 0, 0 = -q + l*f + 17 - 4. Suppose v - q = 10. What are the prime factors of v?
13
Let j(n) = 2*n**3 + n**2 - n + 38. What are the prime factors of j(0)?
2, 19
Suppose 3*b = 11 - 5. Let p = 4 + -2. Suppose 0 = -5*i - b*c + 90, -c = p*i - 0*c - 35. What are the prime factors of i?
2, 5
Suppose -10*n + 9*n + 31 = 0. Let v = n + -4. What are the prime factors of v?
3
Suppose -70 = 5*z - 5*p, -2*z + 5*p = -0*z + 40. Let w = 46 - -12. Let v = w - z. List the prime factors of v.
2, 17
Suppose -93 = -3*s + 4*l - l, s - 4*l - 37 = 0. Let x = -330 - -338. Suppose x*n - 202 = 3*n - 4*b, -3*b - s = -n. List the prime factors of n.
2, 19
Suppose -4*r + 5*a = 54, r + 1 + 14 = 2*a. Let p be (22/6)/(r/(-33)). Suppose -14 = -p*h + 4*h. What are the prime factors of h?
2
Let t(h) = -5*h - 8*h - 2 + 27 - 6*h. List the prime factors of t(-7).
2, 79
Suppose 0*l - 50 = 5*l. Let t = -10 - l. Suppose t = 2*s - 4*i - 150, 0 = -2*s - 2*i + 3*i + 141. What are the prime factors of s?
3, 23
Let f = -13 - -13. Suppose f = -5*x + 4*d + 6, -4*x + 3*d + 1 + 3 = 0. What are the prime factors of 33 + (x - -1 - 0)?
2
Let c = 950 + -566. List the prime factors of c.
2, 3
Let v be 4 - (4/(-3) + 26/(-39)). Suppose -v*o + 290 = -o. List the prime factors of o.
2, 29
Suppose 3*p = -0*c + 5*c - 3179, -3*c = 5*p - 1887. List the prime factors of c.
2, 317
Let w = 231 - -1278. List the prime factors of w.
3, 503
Let o be 13/(-39) - (-98)/6. Let k(d) be the first derivative of -d**2/2 + 23*d - 8. What are the prime factors of k(o)?
7
Suppose 0 = 110*q - 98*q - 10404. What are the prime factors of q?
3, 17
Suppose 12*j - 10710 = -2*j. List the prime factors of j.
3, 5, 17
Let a = 6082 + -3995. List the prime factors of a.
2087
Suppose 4*k + 3*l = -28, -5*l = 3*k - 4*l + 16. Let c(d) = -2*d**3 - 6*d**2 - 4*d - 3. What are the prime factors of c(k)?
3, 5
Let d(f) = -f**2 - 61*f + 237. List the prime factors of d(-31).
3, 389
Let w(m) = 97*m**2 + 17*m - 6. Let i be w(4). Suppose -v - 5*v = -i. What are the prime factors of v?
269
Suppose 0 = o + 4*m + 16 - 2, 2*m + 10 = 0. List the prime factors of o*(-3)/12 + 127/2.
2, 31
Let j(w) = 17 - 7 - 11*w - w**2 - 7. What are the prime factors of j(-7)?
31
Suppose 56*i + 14098 = 70*i. List the prime factors of i.
19, 53
Let z(q) = -q + 14. Let h be z(13). Let c(w) = 14*w**2 - 1. Let t be c(h). Suppose p + 3*o = -t, -7 = 2*p + 2*p + 3*o. List the prime factors of p.
2
Let n(g) = 66*g**2 + 40*g + 213. List the prime factors of n(-7).
3167
Let i be 3/(-1 + 2) + (-2 - 1). Suppose i = 5*f - 0*u + 5*u - 1325, -4*f = -2*u - 1030. What are the prime factors of f?
2, 5, 13
Let u be (28/42)/(2/105). Suppose 2*z + 5 = u. What are the prime factors of (54/z)/(18/240)?
2, 3
Suppose 2*p = 4*o - 3634, -8*p + 2743 = 3*o - 6*p. List the prime factors of o.
911
Let m(s) = 2*s**2 - 8*s - 3. Let h be m(6). Suppose 0 = -4*u - u + 2*q + h, 3*u - 4*q = 21. Suppose 6*x - u*x = 153. List the prime factors of x.
3, 17
Suppose -2*q = q - 9. Suppose -q*s - 6 = -5*s. Suppose f + 2*f - s*i - 30 = 0, 2*f + 2*i - 40 = 0. List the prime factors of f.
3, 5
Let j be -3*(4 - 3) + 718. Suppose 25*k - j = 20*k. What are the prime factors of k?
11, 13
List the prime factors of ((-831)/(-2))/(114/152).
2, 277
Let o = 24 - 24. Suppose -3*z - 15 = o, -3*z - 9 = 3*m - 0. What are the prime factors of m?
2
Suppose 3*t - 1049 = -5*i, 5*i - 1392 = -3*t - t. List the prime factors of t.
7
What are the prime factors of (-11 - -20)/((-3)/(-313))?
3, 313
Let f(w) = w**2 + 8*w - 9. Let z be f(-9). Suppose z = -0*a + 5*a - 15. Suppose 0*r + 3*r = 3*s + 39, 4*r - 73 = -a*s. What are the prime factors of r?
2
Let d be 2*-1*((-231)/(-6) + -4). Suppose -c + p = 44, -2*p = -5*c + 2*p - 216. Let h = c - d. List the prime factors of h.
29
Let l be (-2 - (-10)/2) + -5. Let b(x) = 17*x**2 - x + 3. What are the prime factors of b(l)?
73
Suppose 12*g - 3*g = 3636. Suppose 4*w = -z + 404, -5*w - 2*z + g = -w. List the prime factors of w.
101
Suppose w + 8 = z, -4*w + 4 = 2*z - 2*w. Suppose 0 = 3*p + z*q - 74, p + q - 29 = -5. Suppose 4 - p = -s. List the prime factors of s.
19
Let a(k) = -k**2 - 13*k - 11. Suppose -r + 1 = o, -5*r + 3 = -4*o + 52. Let p be 2/(-3) - 44/o. List the prime factors of a(p).
29
Suppose -2*l + 8 = 0, -2*j + 2*l = -7313 - 771. List the prime factors of j.
2, 7, 17
Let o = 98 + -58. Let h = 123 - -1061. What are the prime factors of (-2)/(-5) + h/o?
2, 3, 5
Let q = -28 + -257. Let f = q - -435. What are the prime factors of f?
2, 3, 5
Let c be (12 - 3) + -2 + -3. Suppose c*w - 13 = 3. Suppose -u + 180 = w*u. What are the prime factors of u?
2, 3
Suppose 5*m - 2 = 2*p, -24 = -4*m - 3*p - 4. Suppose m*t - 6 = -0*t. Suppose -4*i = -4*k + 212, t*i = k + k - 108. What are the prime factors of k?
3, 17
Suppose 0 = 4*d - b - 90 - 693, 2*d - 2*b = 390. Let g = -139 + d. What are the prime factors of g?
3, 19
Suppose -6*b + 525 = b. Suppose -73 = -2*q + b. List the prime factors of q.
2, 37
Let k = 1152 - 616. List the prime factors of k.
2, 67
What are the prime factors of (-120 - -122)*4222/4?
2111
Suppose -40*k = -43*k + 3*x + 5538, 3*x = -6. List the prime factors of k.
2, 461
Let n(p) = p**2 - 7. Let r be n(-5). Let u = r + -9. What are the prime factors of 142/u + 16/72?
2
Let z be 1/(-2) - 133/(-14). Suppose -5*g - s - 1 + z = 0, -14 = -3*g + 4*s. Let f(u) = u**2 + 2*u - 3. What are the prime factors of f(g)?
5
Let r = 1462 + -598. What are the prime factors of r?
2, 3
Let i = -160 - -800. What are the prime factors of i?
2, 5
Let s be 0 - (-6 + 3)/3. Suppose 5*u + s = 11. List the prime factors of 0/2 + 2 + u.
2
Suppose -80 = -0*o - 5*o. Let b be 314/14 + (-2 - 22/(-14)). Let v = b - o. What are the prime factors of v?
2, 3
Suppose -4*w - 1089 = -6*w + 3*u, -2*u = 5*w - 2770. What are the prime factors of w?
2, 3, 23
Let c(m) = m**2 - 3*m + 9. Let h = -14 + 23. What are the prime factors of c(h)?
3, 7
Suppose -15368 = -27*o - 3812. What are the prime factors of o?
2, 107
Let u be 2/(-1) - (2 - 1). Let b be -12*u*3/27. Let z(l) = 5*l - 11. List the prime factors of z(b).
3
Suppose -870 = -2*k + 1252. List the prime factors of k.
1061
Let p = 1219 + 246. List the prime factors of p.
5, 293
Suppose 131 = -33*o + 34*o. What are the prime factors of o?
131
What are the prime factors of 3/((-42)/4) + 731580/623?
2, 587
Let j(z) = 4*z**2 + 2*z**2 - 5*z**2 + 11 + 12*z. List the prime factors of j(10).
3, 7, 11
Let j(b) = b**2 - 6*b - 19. Let a be j(9). Suppose -3*k = 2*k - 110. Let r = k - a. List the prime factors of r.
2, 7
Let o(s) = 421*s - 25. List the prime factors of o(3).
2, 619
Suppose -3*a - 5*h + 5462 = -0*h, -12 = -3*h. List the prime factors of a.
2, 907
Suppose 7*y - 3*y - 280 = 0. What are the prime factors of y*(-4 - (-18)/4)?
5, 7
Suppose 254 = -4*f - 0*x - 2*x, f + x = -65. Let l = -57 + 155. Let s = l + f. List the prime factors of s.
2, 3
Suppose -p - 2*o + 328 = 0, -5*p - 7*o + 1605 = -4*o. What are the prime factors of p?
2, 3, 53
Suppose 2*v = 3526 - 516. List the prime factors of v.
5, 7, 43
Suppose -8*y - 6 = -46. Suppose -8*x + 147 = -y*x. List the prime factors of x.
7
Let r be 36/(-8)*(-28)/63. Suppose -4*c - 91 = -u, 455 = r*u + 3*u - 5*c. What are the prime factors of u?
7, 13
Let d(w) = -w**2 + 5*w - 4. Let x be d(3). Let s be 27/12 + x/(-8). List the prime factors of 3/s*5*2.
3, 5
Let f be ((-4 - -4)/4)/1. List the prime factors of (0 - -89) + (-4 - f).
5, 17
Suppose -o + 5 = 1, -4*d - 3*o = -20. What are the prime factors of 1062/12 + 1/d?
89
Let x = -45 - -91. Let u = 61 - x. What are the prime factors of u?
3, 5
Let n(f) = -12 - 19*f + 14 - 9*f**2 + 5. Let j(c) = 4*c**2 + 9*c - 4. Let x(d) = -13*j(d) - 6*n(d). What are the prime factors of x(4)?
2, 3, 5
Let s = 79 - -353. What are the prime factors of s?
2, 3
Suppose 4*f + 0 = 8. Let k(b) = b**f + 6 - b + 10 + 2*b - 3*b. List the prime factors of k(7).
3, 17
Let m(s) = -17*s 